 = -5571*j + 5558*j. What is the units digit of j?
4
Suppose -158 = -3*d + 79. Suppose -2*t + 402 = 5*m, d = m - 0*m - t. What is the tens digit of m?
8
Suppose -5*c = -3*q - 158, -3*c - 164 = 3*q - 5*c. Let s = q + 61. What is the units digit of s?
5
Suppose 7*g - 600 = 2*g. Suppose 14*z - 11*z - g = 0. What is the tens digit of (10/z)/(1/332)?
8
Suppose a = 2*y - 21 - 68, 4*y + a - 187 = 0. What is the tens digit of y?
4
What is the tens digit of 2 + -4 - (-3704)/(6 + -2)?
2
Let s(m) = -7*m**3 + 6*m**3 - 8*m**2 - 9*m + 2*m**3 + 5. Let p be s(9). What is the tens digit of 50 + -3 + -1 + p?
5
Let t be 11/(-1*(1 + -2)). Suppose -1 = -2*f + 5. Suppose -t = -2*p + f. What is the units digit of p?
7
Let a(y) = -y**3 - 4*y**2 - 3*y + 1. Let j be a(-4). Let z = -95 + 98. Suppose -z*d - j = -58. What is the tens digit of d?
1
Let v(r) = r**2 - r - 4. Let f be v(-2). Let l(x) = 0*x - 5*x + 0*x + x**f. What is the units digit of l(-3)?
4
Let i = 407 - 119. What is the tens digit of i?
8
Let b(q) = -q**3 - 8*q**2 + q + 15. Let t be b(-9). Suppose -380 = -5*v - d, 3*v - t = -2*d + 134. What is the units digit of v?
7
Suppose -4*p - 3*y - 31 = 0, 3*p + 32 = -4*y - 0*y. Let m be (p/3)/((-18)/27). Suppose 4*b = n - 13, -m*n = -3*n - 3*b + 27. What is the units digit of n?
1
Let p(r) = -429*r - 98. What is the units digit of p(-2)?
0
Suppose 0 = -5*x + 3*j + j + 26813, 10724 = 2*x - 2*j. What is the units digit of x?
5
Let q be (-182)/(-21) + (-4)/6. Let n = q + -7. Suppose -n = 5*a - 6. What is the units digit of a?
1
Let p(x) = 7*x**2 - 3*x - 6. Let y be p(-3). Suppose y - 26 = 2*k. What is the units digit of k?
0
Let x = 2896 + -1437. What is the thousands digit of x?
1
Suppose 5*q - 4 = u + 5, 12 = -3*u. What is the units digit of 11/(q + 24/(-26))?
3
Suppose 5*p + 496 = u, 2*u = 3*u - 4*p - 491. What is the units digit of u?
1
Suppose -2*n = -113 - 761. What is the tens digit of n?
3
Let a = 5314 + -2570. What is the tens digit of a?
4
Let y = 596 + 96. What is the units digit of y?
2
Let u = 300 + -160. What is the units digit of u?
0
What is the units digit of (4 - 0)/((-20)/(-2930)) - -1?
7
Suppose -3*h = -4*p - 8, p - 11 = 7*h - 3*h. Let r = h + 16. What is the tens digit of r?
1
Let v = -33 + 37. Suppose -716 = -v*b - 4*j, b - 684 = -3*b + 4*j. What is the tens digit of b?
7
Let d(k) = -k + 10. Let u be d(7). Suppose 4*f = j + 11, -j - 6 = -u. What is the units digit of f?
2
Let j = 454 + -357. What is the tens digit of j?
9
Let k = -221 + 741. What is the hundreds digit of k?
5
Suppose 2*w + 4*u = 4, -3*w + 17 = -2*u + 3. Suppose 2*z + 5*q - 3 = w, 4*z - 2*q = 50. Suppose -8*j + z*j - 12 = 0. What is the units digit of j?
4
Let u be 12 + (9/(-3) - 0). Let p = -5 + u. What is the units digit of p?
4
Suppose 0 = -5*n - 35 + 10. Let a(u) = u + 1. Let w(h) = 14*h + 14. Let q(o) = 10*a(o) - w(o). What is the units digit of q(n)?
6
Let o(m) = 5*m**2 + 20*m + 17. What is the hundreds digit of o(-13)?
6
What is the units digit of (4528/(-32))/((-1)/2)?
3
Let v = 1129 - 1019. What is the hundreds digit of v?
1
Suppose -51*r + 44*r = -9478. What is the tens digit of r?
5
Suppose 2 = y - 0, -5*r = -2*y - 1791. What is the tens digit of r?
5
Suppose -5*d + 5124 = -4*r, 8*d - 5*d = -2*r + 3092. Suppose 145 + 678 = 4*j + l, 5*j + l - d = 0. What is the tens digit of j?
0
Let x(z) be the first derivative of -13*z**2/2 + 7*z + 5. Let m = -8 - -5. What is the units digit of x(m)?
6
Let x be (3/2)/(1/2). Let p be -1 - 0*(-4 + x). What is the units digit of (-3 - -4) + p + 15?
5
Let n(h) = h**2 + 5*h - 13. Let j be n(-6). Let m be j/14 + 22/4. Suppose -2*f + 7*f = 4*s - 175, 0 = s - m*f - 55. What is the units digit of s?
0
Suppose 0 = -2829*k + 2825*k + 2936. What is the units digit of k?
4
Suppose -51*y + 327 = -50*y. Let b = y - 215. What is the hundreds digit of b?
1
Let d be 7/((-7)/9) + -3. What is the tens digit of (-256)/d - 4/(-6)?
2
Let c be ((-5)/((-60)/(-2547)))/(6/(-16)). Suppose c = 16*s - 90. What is the units digit of s?
1
Suppose p - 146 = -621. Let i = -313 - p. What is the tens digit of i?
6
Suppose 863 = 5*q - 7. Suppose -2*s = s - q. What is the units digit of s?
8
Let o(j) = -j**3 - 2*j**2 + 2. Let x be o(-2). Suppose -3*c + 8 = -x*c. Suppose c*u = -3*v + 3*u + 148, 4*u - 8 = 0. What is the units digit of v?
6
What is the tens digit of (-44628)/(-108) - 6/27?
1
Let j = 14 + -8. Let r be 1*3*j/(-9). What is the tens digit of -2*(-15 + r) + -4?
3
Let s(w) = 3*w**3 - 57*w**2 + 30*w - 29. What is the thousands digit of s(20)?
1
Let x(i) be the first derivative of 7*i**3/3 + 3*i**2/2 - 9*i - 15. What is the units digit of x(-4)?
1
Suppose 2*v - 47 = -2*i + 7*v, -5*i + 152 = -v. What is the tens digit of i?
3
Suppose 0 = -n - 16 + 18, -p - 2*n + 585 = 0. What is the units digit of p?
1
Suppose -3*y = -20 - 16. Suppose -2*q + 446 = y. What is the units digit of q?
7
Suppose 6*k - 4*k + 2*d = 1278, 0 = -3*k - d + 1921. What is the tens digit of k?
4
Let r = -90 + 1047. What is the units digit of r?
7
Let m be 3/(-2) - 39/6. What is the tens digit of m/6*(-96)/2?
6
Let i(d) = 4*d**2 - 4*d + 4. Let z be (2 - -2)/4*15. Let b = -12 + z. What is the tens digit of i(b)?
2
Suppose h - 2*h = -2*x - 2, 3*h - x = 11. Suppose 0 = 5*i + 5*z - 150, h*i - 4*z - 49 - 87 = 0. Let b = i + -15. What is the units digit of b?
7
Suppose 4*n - 8*n = 3*t, 2*n = 3*t - 18. Suppose q = 5*i - 64, -t*i + 4*q + 54 = 6*q. What is the units digit of i?
3
Let d = 618 + 104. What is the tens digit of d?
2
Suppose 57*w - 46*w = 9680. What is the hundreds digit of w?
8
Let z = 524 - 217. Suppose d = -2*t + z, 741 = 5*t - 3*d - 54. Suppose 2*j - t = -16. What is the units digit of j?
0
Let z = -638 - -3273. What is the tens digit of z?
3
Let q(x) = 4189*x**2 - 33*x + 2. What is the thousands digit of q(-1)?
4
Let c(i) = -i**3 + 20*i**2 + 3*i + 14. Let g be c(20). What is the units digit of -2 - (g - -3)/(-1)?
5
Let a(j) = j + 2. Let t be (-515)/(-11) - 2/(-11). Suppose p = -4*q + t, q + 4*p = 3*q - 28. What is the tens digit of a(q)?
1
Suppose 162*i = 3*h + 167*i - 1813, 5*h = 5*i + 2995. What is the units digit of h?
1
What is the hundreds digit of (-1)/((-7450)/(-7455) - 1)?
4
Let s(h) = -2*h**2 - 31*h + 11. What is the units digit of s(-8)?
1
Suppose -6*y = -2*y + 4*d - 648, 4*y - 4*d - 608 = 0. Let f = y + -56. What is the tens digit of f?
0
Suppose l - 24 = 27. What is the tens digit of l/5 + 56/20 + -2?
1
Let b(q) = 2*q**3 - 28*q**2 - 42*q - 2. What is the thousands digit of b(18)?
1
Let h = -5 - -7. Let a(i) = 3*i**2 - 18 - i**h - 3*i**2 - 14*i + 2. What is the units digit of a(-7)?
3
Let a(q) = 5*q + 12. Suppose -7*i = 4*z - 3*i - 64, -z = 4*i - 25. What is the tens digit of a(z)?
7
What is the tens digit of 190 - (4 - 10/2)?
9
Let a = 2025 - 1268. What is the units digit of a?
7
Suppose -11 = -11*v + 44. Suppose v*l - 13 = 12. What is the units digit of l?
5
Let g be (-5)/(-20) - (-45)/12. Suppose 7*z - 27 = g*z. What is the units digit of z?
9
Let v(l) = 24*l - 14. Let t(f) = -12*f + 6. Let w(g) = 5*t(g) + 2*v(g). What is the tens digit of w(-3)?
3
Let f be (-4 - 2)*7/(-14). Suppose -f*a + 6 = -6. Suppose -d - 2*d - 93 = -4*x, a*x + 2*d = 78. What is the tens digit of x?
2
Suppose 3*h - 2*z = 5*h - 30, -5*h = -4*z - 48. Suppose -m - 5*m = h. Let x(n) = 11*n**2 + n - 1. What is the units digit of x(m)?
1
Let p(z) = -z**2 + z + 9. Let y be p(3). Suppose -4*c + 5*c + 39 = 0. What is the units digit of (1/y)/((-1)/c)?
3
Suppose -4*l - 2 = -y, 2*l + 2 = y - 0. Suppose 0 = -5*b + 2*w + 393, l = -4*b + 2*w - 123 + 439. What is the units digit of b?
7
Let o = -15 + 15. Suppose o = 2*u - 4*u + 2. What is the tens digit of (u/2)/((-2)/(-128))?
3
Let p(m) = m**2 - 5*m - 4. Let l be p(6). Suppose -q + 7 = l. Suppose -n + 22 = -i, 2*n - q*n + 36 = 3*i. What is the tens digit of n?
1
Suppose -5*z - 10*z = -1200. Let b = z - 74. What is the units digit of b?
6
Let b be 12/102 - 7382/34. Let w = -419 - b. Let m = -133 - w. What is the tens digit of m?
6
Let f(w) = w**2 + 20*w + 22. Let a be f(-19). What is the tens digit of 1955/15 - 1/9*a?
3
Let p(h) = h**2 - 8*h + 4. Let d be p(8). Let f(w) = -w**2 + 2*w + 5. Let l be f(d). What is the units digit of (l/2)/(6/(-20))?
5
Let q be (-1)/(-3